(q) = 2*q**2 - 2*q - 3. Let l(t) = -2*k(t) - 3*w(t). Determine l(2).
-3
Let c = -2 - 0. Let q(i) = -3*i**2 + 8*i + 1. Let u(b) = 3*b**2 - 7*b - 1. Let n(z) = -5*q(z) - 6*u(z). Give n(c).
-15
Suppose -155 = -4*t + 9*t. Let v = 36 + t. Suppose 2*f + 2*w = 4, -5*f - 4 - 16 = -v*w. Let s(d) = d**3 - 2*d**2 - 2*d - 1. Calculate s(f).
-2
Let r = -3 - -2. Let n = r + -3. Let a(o) = -o - 5607*o**2 + o**3 - 1 - 5600*o**2 + 11211*o**2. Calculate a(n).
3
Let r(p) = -p**3 + 7*p**2 - 5*p + 1. Let w be (21/14)/((-3)/8). Let a(m) = -m**3 - 5*m**2 - 6*m - 1. Let x be a(w). Let l = -1 + x. Determine r(l).
7
Let c(q) = 8 - 2 + 55*q**2 + 8*q - 54*q**2. Suppose -3*n + 0*n = 18. Calculate c(n).
-6
Suppose -6*s + 2*s = -52. Let v = s - 11. Let f(m) = -7 + v*m**2 - 4*m**2 + 5*m**2 - 2*m**2 + 5*m. Give f(-6).
-1
Let u(k) = 6*k - 3. Let j = 1 + 3. Let z(i) = -7*i + 4. Let d(s) = j*z(s) + 5*u(s). Suppose n - 12 = -11. What is d(n)?
3
Let b(u) = u**2 + 9*u + 7. Let t be b(-8). Let f be (-2 - t)/(2/16). Let a(c) = c**2 + 8*c + 2. Let i be a(f). Let q(d) = 3*d - 2. Give q(i).
4
Let r(c) = 3*c**2 - 7*c - 12. Let q(a) = a + 13. Let f be q(-6). Let h(j) = 4*j**2 - 11*j - 18. Let g(t) = f*r(t) - 5*h(t). Give g(-4).
-2
Let k(r) = -1 + 2*r + 0 + 0*r - 6*r. Give k(-3).
11
Let t(v) = v**3 + v. Let k(d) = -8*d**3 - d**2 - 6*d. Let c(o) = 2*o**2 + 6*o - 2. Let w be c(-4). Let m(j) = w*t(j) + k(j). Give m(-1).
1
Let j(s) = s**3 + 6*s - 1. Let a(o) = 5*o**3 - 6*o**2 + 37*o - 3. Let c(g) = -a(g) + 6*j(g). Give c(-6).
3
Let a(n) = -10*n + 5*n + 9*n + 6. Determine a(-5).
-14
Let h(s) be the third derivative of s**7/5040 - s**6/720 - 7*s**5/60 - 8*s**2. Let k(u) be the third derivative of h(u). Give k(4).
3
Let v be ((-51)/9)/(5/30). Let q be ((-8)/(-10))/(v/(-85)). Let m(b) = 2*b + 1. Determine m(q).
5
Let r = 7 - 1. Let j(c) = 2 - 3 - r + 3 - c. Determine j(-5).
1
Let n(s) be the first derivative of -3*s**2/2 - 2*s + 51. Determine n(2).
-8
Let l = 28 + 2. Suppose -4*a - 2*x = -l, 4*a = -0*a + 3*x + 5. Let h(j) = j**3 - 6*j**2 + 4*j + 2. Give h(a).
-3
Let h be (-3)/(-9) - (-35)/3. Suppose -10*n = -h*n. Let j(z) = -3 - 2*z - z + 7 + n*z. Give j(3).
-5
Let n(x) be the third derivative of -x**6/120 + x**5/5 - 13*x**4/24 + 25*x**3/6 + 512*x**2. Calculate n(11).
3
Let n(w) = w**2 - w**3 - 7 - 4*w**2 + 0*w + 6*w. Suppose 59*l - 51*l - 16 = 0. Suppose 22 = -4*h - l*j, 3*h + 6 = -j - 10. Give n(h).
13
Let u(g) = -5*g + 11. Let w(c) = -c + 3. Let b(z) = -2*u(z) + 9*w(z). Let a be (13/4)/((-4)/16). What is b(a)?
-8
Let g = -4 + 0. Let t(x) be the first derivative of -4 - 1/4*x**4 - 5/3*x**3 + 3*x - x**2. What is t(g)?
-5
Suppose -1998*v + 2000*v = 12. Let p(h) = h**3 - 3*h + 1. Let j be p(2). Let b(a) = -2 - j*a + 2*a + 2*a. What is b(v)?
4
Let c(f) = 2*f. Let v(q) = 44 - 95 - q + 52. Suppose 3*w = 7*w. Let t be v(w). What is c(t)?
2
Suppose -38 = -3*g - 5. Let a(r) = 6 + 3 - r - g. Calculate a(-2).
0
Let d(p) = -9*p + 1. Let f be (-2)/5*((-44)/8 + 8). Give d(f).
10
Let x(u) be the second derivative of 5*u**4/12 + u**3/2 - u**2 + 4*u - 1. Determine x(2).
24
Let a(k) = -8*k. Suppose -2*o = o - 2*p + 8, 2*o + 2*p - 8 = 0. Suppose -5*g = -g - 12. Suppose -5*h + 8 - g = o. What is a(h)?
-8
Let o be ((-8)/14)/((-8)/28). Suppose -7 = o*h + 3*n, 3*h = -5*n - 10 - 2. Let f(y) = 2*y. Calculate f(h).
2
Suppose -813*o + 820*o = 28. Let l be (12/(-9))/((-2)/3). Let w(d) = 4*d - d - d - l. Give w(o).
6
Let m = 36 + -37. Let u be ((m - -1)/4)/2. Let a(n) = n**2 - n - 7. Determine a(u).
-7
Let j be 2*7/63 - (-2758)/(-18). Let u = -149 - j. Let l(g) = -2*g + 4. Calculate l(u).
-4
Let w(k) = 2*k - 19. Let m be w(11). Suppose 2*s - 6 = m*s - 4*q, -5*q - 3 = -3*s. Let d(n) = n - 3. What is d(s)?
3
Let n(s) = 36 - s - 19 - 21 - 13. Determine n(-19).
2
Let z(y) = y**2 - 5*y + 21. Let c be z(7). Let t = c - 39. Let h(r) = r**3 + 3*r**2 - 4*r + 3. Calculate h(t).
3
Let q(j) = -2*j + 1. Let l = -129 - -140. Suppose -10*n + l*n = -4. Give q(n).
9
Let b(f) be the first derivative of 9*f**2/2 + 7*f + 257. Calculate b(-2).
-11
Let a(n) be the second derivative of 0*n**2 + 3*n + 0 + 1/6*n**3. Let f(j) = j**3 + 11*j**2 + 2*j + 19. Let p be f(-11). Give a(p).
-3
Suppose k + 64*q - 59*q = 8, -k - 4*q + 7 = 0. Let m(f) be the first derivative of 1 + 1/4*f**4 - 2*f + f**2 - 4/3*f**3. What is m(k)?
-5
Let n = -37 + 93. Suppose 4*a - 2*d = a + n, -3*a = 4*d - 32. Let t be (18/8)/(12/a). Let c(r) = -r**3 + 4*r**2 - 2*r + 3. Determine c(t).
6
Let i(g) be the second derivative of 1/12*g**4 + 15*g + 0 + 7/2*g**2 + 3/2*g**3. Give i(-8).
-1
Let q = 5 + -1. Suppose 0 = -3*j - q + 1. Let v(f) be the third derivative of -f**6/120 - f**5/60 + f**3/6 - 1511*f**2. What is v(j)?
1
Let v(o) = o**3 + 1 - 6 + 3 - 6*o - 3*o**2. Suppose -50 = 3*x - 4*p - 65, -2*x + 4*p = -10. What is v(x)?
18
Let k(j) = j + 8. Let u be k(-15). Let b(r) = 2*r**3 + 8*r + 8*r**2 - 2*r - r**3. Give b(u).
7
Let r(d) be the second derivative of -d**4/4 - d**3/6 + d**2/2 + 3*d. Let a = -186 - -188. Determine r(a).
-13
Suppose -5*v + 35 = -5*b, 2*v - 8*b = -4*b + 12. Let s(u) = u**2 - 9*u + 5. What is s(v)?
-3
Let m(s) be the third derivative of 0*s - 1/2*s**3 - 7/12*s**4 + 1/60*s**5 + 0 + 19*s**2. Determine m(14).
-3
Let b(j) be the second derivative of j**4/4 - 2*j**3/3 + 40*j - 1. Give b(3).
15
Let r(d) be the first derivative of 0*d**2 - 18 + 7/3*d**3 + 1/4*d**4 + 3*d. What is r(-7)?
3
Let a(z) = -9*z + 7. Let f(q) = -5*q + 4. Let y(r) = -4*a(r) + 7*f(r). Suppose 2*j = -26 + 6. Let g = j + 5. Calculate y(g).
-5
Let j = -447 - -449. Let n(w) be the second derivative of -1/20*w**5 - 1/2*w**3 + 0 + 3*w - 3/2*w**j + 5/12*w**4. What is n(4)?
1
Let d(r) = 3*r - 8. Suppose -7*i + 1262 = 1234. Calculate d(i).
4
Let y = 121 - 119. Let p(b) = -4*b**2 + 2*b**y - 8 + b**2 + 11*b. Give p(7).
20
Let n(c) = c**3 + 2*c**2 + 4*c + 4. Let r be n(-3). Let l = -16 - r. Let u(z) = -l + 3*z - 5*z - 4*z + 4*z. Determine u(-4).
7
Suppose -20 + 5 = 5*f. Let b be 4 - 3 - f/(-1). Let g(p) = -p**3 - 2 + 2*p - p + 0*p + 0*p. Determine g(b).
4
Let p(y) be the third derivative of -y**6/120 - y**3/3 - 14*y**2. Suppose -4*c = 16, 4*o - 5*o - 5*c - 22 = 0. Give p(o).
6
Suppose -73*j + 69*j + 24 = 0. Let d(r) = r**3 - 5*r**2 - r + 1. Calculate d(j).
31
Let c(g) = -2*g**3 - 9*g**2 + 17*g + 6. Let u(q) = 5*q**3 + 28*q**2 - 49*q - 18. Let z(o) = -8*c(o) - 3*u(o). What is z(11)?
6
Let l(x) = -3*x**2 + 11*x - 30. Let u(q) = -q**2 + q - 8. Let g(c) = l(c) - 4*u(c). Calculate g(-6).
-4
Let f(m) be the second derivative of -m**5/20 + m**4/4 + m**3/2 + 5*m**2/2 - 80*m. What is f(4)?
1
Suppose -5*t + 37 - 7 = 0. Suppose -j = j + 2*m - t, j - 5*m = 21. Let z(p) = -4*p**2 - 2*p**2 + 5*p**2 + 6*p + 1 + 0. Calculate z(j).
1
Let l(j) = -j**2 + j + 1. Let i(x) = -x**3 + x + 7. Let c(o) = i(o) - 5*l(o). Let b(k) = -k**2 - 8*k - 8. Let q be b(-6). Give c(q).
2
Let b(k) be the first derivative of 10 + 1/4*k**4 + 4/3*k**3 + 2*k - 3/2*k**2. Give b(-5).
-8
Suppose 6*x - 15 = 3*x, 5*f - 3*x = -30. Let p(v) = v**2 + 2*v + 2. Let j be p(f). Let g(s) = s**2 - 2*s - 7. Give g(j).
8
Let q(h) = 34*h + 30*h - 80*h + 19 + 22*h. Give q(-5).
-11
Suppose -4*m = 5*g - 5 - 5, 0 = 5*m. Let u be 805/92 - (-10)/8. Suppose -4*w + 0 = 2*t - u, g*w + 4*t = -10. Let l(d) = -d**2 + 7*d - 5. Determine l(w).
5
Suppose -3*s - s - 1 = -q, s + 9 = 2*q. Let o(h) = h + 3*h + q + 5 - 2. Determine o(-6).
-16
Let l(z) be the second derivative of z**5/20 + z**4/3 - z**2 - 59*z + 1. Suppose 2*j + 3*j - 4*h = -24, 0 = 5*j - 3*h + 23. What is l(j)?
-2
Let s be -4*(-5)/(20/3). Let t(k) = k**2 + k**3 - 2*k**s - 6 + 3*k**2 - 8*k**2 + 5*k. Give t(-5).
-6
Let h(l) = -l**2 + 8*l - 6. Let q = -100 + 106. Determine h(q).
6
Let x(o) be the second derivative of 2*o**4 + o**3/6 - 11*o. Let d be (6/4)/(18/12). What is x(d)?
25
Let x = 13 + -6. Suppose -x*f = -5*f. Suppose 3*p - 2*h - 9 = f, 5*p - 2*h + 4*h - 31 = 0. Let l(y) = -y**3 + 6*y**2 - 6*y. Calculate l(p).
-5
Let h(q) be the third derivative of -q**6/360 + q**5/60 + 7*q**4/24 - 25*q**2. Let b(v) be the second derivative of h(v). What is b(2)?
-2
Let m(y) = -y**3 - 8*y**2 - 5*y + 5. Let u(x) = -6*x**2 - 12*x + 11. Let h be u(1). Determine m(h).
-9
Let l(q) = 5*q**2 - 2 + 707*q**3 + 1 - 706*q**3 - 2*q. Determine